{"id":9,"date":"2015-06-21T16:54:54","date_gmt":"2015-06-21T16:54:54","guid":{"rendered":"http:\/\/archivopatrimonial.usach.cl\/cineytv\/?page_id=9"},"modified":"2018-05-16T17:49:31","modified_gmt":"2018-05-16T21:49:31","slug":"bibliografia","status":"publish","type":"page","link":"https:\/\/archivopatrimonial.usach.cl\/cineytv\/?page_id=9","title":{"rendered":"Bibliograf\u00eda"},"content":{"rendered":"<p><em>Fundamentos te\u00f3ricos para la creaci\u00f3n del Departamento de Cine y TV<\/em>. (1970). Santiago: UTE.<\/p>\n<p>Alfaro, P., Garc\u00eda, T. y Toledo, J. (2012). <em>Creaci\u00f3n audiovisual y cine en la Universidad T\u00e9cnica del Estado<\/em>. Seminario para optar al t\u00edtulo de periodista. Santiago: Universidad de Santiago.<\/p>\n<p>Balmaceda, F. (2002). <em>De zorros amores y palomas. Memorias<\/em>. Santiago: Editorial Aguilar El Mercurio.<\/p>\n<p>Barr\u00eda, A. (2011). <em>El espero quebrado. Memorias del cine de Allende y la Unidad Popular<\/em>. Santiago: Editorial Uqbar.<\/p>\n<p>Kirberg, E. (1981). <em>Los nuevos profesionales. Educaci\u00f3n Universitaria de Trabajadores.\u00a0 Chile: UTE, 1968-1973<\/em>. M\u00e9xico: Instituto de Ciencias Sociales, Universidad de Guadalajara.<\/p>\n<p>Mouesca, J. (1997). <em>El cine en Chile. Cr\u00f3nica en tres tiempos. <\/em>Santiago: Ediciones Planeta, UNAB.<\/p>\n<p>Mouesca, J. (1998). <em>Cine y memoria del siglo XX<\/em>. Santiago: LOM.<\/p>\n<p>Mouesca, J. (1988). <em>Plano secuencia de la memoria de Chile: 25 a\u00f1os de cine chileno (1960-1985). <\/em>Santiago: Ediciones del Litoral.<\/p>\n<p>Mu\u00f1oz, J., Norambuena, C., Ortega, L. y P\u00e9rez, R. (1987). <em>La Universidad de Santiago de Chile: sobre sus or\u00edgenes y su desarrollo hist\u00f3rico<\/em>. Santiago: Universidad de Santiago de Chile.<\/p>\n<p>Navarro, M. \u201cM\u00e1s all\u00e1 de los muros universitarios: Extensi\u00f3n y Comunicaciones UTE\u201d. En: Ireland, T. y Rivera, F. (Editores) (2016) <em>La UTE vive. Memorias y testimonios de la reforma universitaria en la Universidad T\u00e9cnica del Estado. Chile, 1961-1973.<\/em> Santiago: Universidad de Santiago de Chile.<\/p>\n<p>Orellana, C. y Mouesca, J. (2010). <em>Breve historia del cine chileno<\/em>. Santiago: LOM.<\/p>\n<p>Ossa, C. \u00a0(1971). <em>Historia del cine chileno<\/em>. Santiago: Quimant\u00fa.<\/p>\n<p>Vega, A. (1979).<em> Re-visi\u00f3n del cine chileno<\/em>. Santiago: Ediciones Aconcagua, CENECA.<\/p>\n<p>Universidad T\u00e9cnica del Estado (1972). <em>Universidad T\u00e9cnica del Estado Cat\u00e1logo General 1972.<\/em> Santiago: Oficina de Planificaci\u00f3n.<\/p>\n","protected":false},"excerpt":{"rendered":"<p>Fundamentos te\u00f3ricos para la creaci\u00f3n del Departamento de Cine y TV. (1970). Santiago: UTE. Alfaro, P., Garc\u00eda, T. y Toledo, J. (2012). Creaci\u00f3n audiovisual y cine en la Universidad T\u00e9cnica del Estado. Seminario para optar al t\u00edtulo de periodista. Santiago: Universidad de Santiago. Balmaceda, F. (2002). De zorros amores y palomas. Memorias. Santiago: Editorial Aguilar [&hellip;]<\/p>\n","protected":false},"author":1,"featured_media":0,"parent":0,"menu_order":0,"comment_status":"closed","ping_status":"closed","template":"","meta":{"footnotes":""},"class_list":["post-9","page","type-page","status-publish","hentry"],"_links":{"self":[{"href":"https:\/\/archivopatrimonial.usach.cl\/cineytv\/index.php?rest_route=\/wp\/v2\/pages\/9"}],"collection":[{"href":"https:\/\/archivopatrimonial.usach.cl\/cineytv\/index.php?rest_route=\/wp\/v2\/pages"}],"about":[{"href":"https:\/\/archivopatrimonial.usach.cl\/cineytv\/index.php?rest_route=\/wp\/v2\/types\/page"}],"author":[{"embeddable":true,"href":"https:\/\/archivopatrimonial.usach.cl\/cineytv\/index.php?rest_route=\/wp\/v2\/users\/1"}],"replies":[{"embeddable":true,"href":"https:\/\/archivopatrimonial.usach.cl\/cineytv\/index.php?rest_route=%2Fwp%2Fv2%2Fcomments&post=9"}],"version-history":[{"count":5,"href":"https:\/\/archivopatrimonial.usach.cl\/cineytv\/index.php?rest_route=\/wp\/v2\/pages\/9\/revisions"}],"predecessor-version":[{"id":144,"href":"https:\/\/archivopatrimonial.usach.cl\/cineytv\/index.php?rest_route=\/wp\/v2\/pages\/9\/revisions\/144"}],"wp:attachment":[{"href":"https:\/\/archivopatrimonial.usach.cl\/cineytv\/index.php?rest_route=%2Fwp%2Fv2%2Fmedia&parent=9"}],"curies":[{"name":"wp","href":"https:\/\/api.w.org\/{rel}","templated":true}]}}