{"id":4,"date":"2015-06-21T16:53:51","date_gmt":"2015-06-21T16:53:51","guid":{"rendered":"http:\/\/archivopatrimonial.usach.cl\/dictadura\/?page_id=4"},"modified":"2019-01-23T12:46:39","modified_gmt":"2019-01-23T15:46:39","slug":"inicio","status":"publish","type":"page","link":"https:\/\/archivopatrimonial.usach.cl\/dictadura\/","title":{"rendered":"UTE en Dictadura"},"content":{"rendered":"<p><iframe loading=\"lazy\" src=\"https:\/\/www.youtube.com\/embed\/9Ts3blbGXEA?autoplay=1;&amp;rel=0;&amp;showinfo=0\" width=\"100%\" height=\"720\" frameborder=\"0\" allowfullscreen=\"allowfullscreen\"><\/iframe><\/p>\n<p style=\"text-align: justify;\">La dictadura establecida a partir del 11 de septiembre de 1973 transform\u00f3 la sociedad chilena en sus m\u00faltiples dimensiones: pol\u00edtica, social, econ\u00f3mica y cultural. En el caso de la educaci\u00f3n superior, a los pocos d\u00edas de ocurrido el golpe de Estado se implementaron medidas de intervenci\u00f3n y reestructuraci\u00f3n de las casas de estudios, orientadas a revertir las conquistas en materia de modernizaci\u00f3n y democratizaci\u00f3n realizadas durante el proceso de Reforma Universitaria. Una de las primeras medidas fue designar rectores -militares en ejercicio o en retiro- representantes de la Junta Militar en las universidades, con amplias atribuciones que fueron justificadas desde la esfera de la dictadura considerando:<\/p>\n<p><em>\u201c(\u2026) la necesidad de reestructurar la org\u00e1nica y reorientar las atribuciones y responsabilidades de las autoridades y organismos ejecutivos en la Educaci\u00f3n Superior; con el fin que estos Institutos cumplan la elevada e indispensable funci\u00f3n educacional, dentro del esp\u00edritu que anima al Supremo Gobierno de la Restauraci\u00f3n Nacional\u201d (<\/em>Ministerio de Educaci\u00f3n P\u00fablica. 3 de octubre de 1973. <em>Decreto N\u00b01300. Designa \u00abRectores-delegados\u00bb Universidades Chilenas)<\/em><\/p>\n<p style=\"text-align: justify;\">En ese escenario, la Universidad T\u00e9cnica del Estado y su comunidad fueron duramente reprimidas: Casa Central atacada con artiller\u00eda, rector, acad\u00e9micos, estudiantes detenidos y llevados a diferentes campos de prisioneros, reducci\u00f3n de la matr\u00edcula, reorganizaci\u00f3n acad\u00e9mica y administrativa, eliminaci\u00f3n de carreras y cursos, entre otras medidas.<\/p>\n<p style=\"text-align: justify;\">Los materiales de archivo que presentamos a continuaci\u00f3n no permiten dar cuenta de las dimensiones alcanzadas por intervenci\u00f3n militar y sus consecuencias, ya que se trata del registro fotogr\u00e1fico oficial de las actividades acad\u00e9micas, culturales y deportivas realizado por la Vicerrector\u00eda de Extensi\u00f3n y Comunicaciones de la UTE. No obstante, los textos y la cronolog\u00eda buscan proporcionar antecedentes del proceso al que fue sometida la UTE en la primera parte de la intervenci\u00f3n militar 1973-1980, per\u00edodo que correspondi\u00f3 a la administraci\u00f3n del rector delegado Eugenio Reyes Tastets.<\/p>\n","protected":false},"excerpt":{"rendered":"<p>La dictadura establecida a partir del 11 de septiembre de 1973 transform\u00f3 la sociedad chilena en sus m\u00faltiples dimensiones: pol\u00edtica, social, econ\u00f3mica y cultural. En el caso de la educaci\u00f3n superior, a los pocos d\u00edas de ocurrido el golpe de Estado se implementaron medidas de intervenci\u00f3n y reestructuraci\u00f3n de las casas de estudios, orientadas a [&hellip;]<\/p>\n","protected":false},"author":1,"featured_media":0,"parent":0,"menu_order":0,"comment_status":"closed","ping_status":"closed","template":"","meta":{"_exactmetrics_skip_tracking":false,"_exactmetrics_sitenote_active":false,"_exactmetrics_sitenote_note":"","_exactmetrics_sitenote_category":0,"footnotes":""},"class_list":["post-4","page","type-page","status-publish","hentry"],"_links":{"self":[{"href":"https:\/\/archivopatrimonial.usach.cl\/dictadura\/index.php?rest_route=\/wp\/v2\/pages\/4"}],"collection":[{"href":"https:\/\/archivopatrimonial.usach.cl\/dictadura\/index.php?rest_route=\/wp\/v2\/pages"}],"about":[{"href":"https:\/\/archivopatrimonial.usach.cl\/dictadura\/index.php?rest_route=\/wp\/v2\/types\/page"}],"author":[{"embeddable":true,"href":"https:\/\/archivopatrimonial.usach.cl\/dictadura\/index.php?rest_route=\/wp\/v2\/users\/1"}],"replies":[{"embeddable":true,"href":"https:\/\/archivopatrimonial.usach.cl\/dictadura\/index.php?rest_route=%2Fwp%2Fv2%2Fcomments&post=4"}],"version-history":[{"count":16,"href":"https:\/\/archivopatrimonial.usach.cl\/dictadura\/index.php?rest_route=\/wp\/v2\/pages\/4\/revisions"}],"predecessor-version":[{"id":1177,"href":"https:\/\/archivopatrimonial.usach.cl\/dictadura\/index.php?rest_route=\/wp\/v2\/pages\/4\/revisions\/1177"}],"wp:attachment":[{"href":"https:\/\/archivopatrimonial.usach.cl\/dictadura\/index.php?rest_route=%2Fwp%2Fv2%2Fmedia&parent=4"}],"curies":[{"name":"wp","href":"https:\/\/api.w.org\/{rel}","templated":true}]}}