{"id":6,"date":"2015-06-21T16:54:16","date_gmt":"2015-06-21T16:54:16","guid":{"rendered":"http:\/\/archivopatrimonial.usach.cl\/escenicas\/?page_id=6"},"modified":"2016-12-01T19:17:48","modified_gmt":"2016-12-01T22:17:48","slug":"historia","status":"publish","type":"page","link":"https:\/\/archivopatrimonial.usach.cl\/escenicas\/?page_id=6","title":{"rendered":"Personajes Asociados"},"content":{"rendered":"<h2>Ra\u00fal Rivera<strong><br \/>\n<\/strong><\/h2>\n<p>&nbsp;<\/p>\n<div id=\"attachment_385\" style=\"width: 880px\" class=\"wp-caption aligncenter\"><a href=\"http:\/\/archivopatrimonial.usach.cl\/escenicas\/wp-content\/uploads\/2016\/11\/NN-002692.jpg\"><img loading=\"lazy\" decoding=\"async\" aria-describedby=\"caption-attachment-385\" class=\"wp-image-385 size-large\" src=\"http:\/\/archivopatrimonial.usach.cl\/escenicas\/wp-content\/uploads\/2016\/11\/NN-002692-1024x659.jpg\" alt=\"Esta imagen es resguardada por el Archivo de Documentacion Grafica y Audiovisual (DGA) de la Universidad de Santiago de Chile. Cualquier consulta acerca de las condiciones de uso y de propiedad, comunicarse a archivodga@usach.cl\" width=\"870\" height=\"560\" srcset=\"https:\/\/archivopatrimonial.usach.cl\/escenicas\/wp-content\/uploads\/2016\/11\/NN-002692-1024x659.jpg 1024w, https:\/\/archivopatrimonial.usach.cl\/escenicas\/wp-content\/uploads\/2016\/11\/NN-002692-300x193.jpg 300w, https:\/\/archivopatrimonial.usach.cl\/escenicas\/wp-content\/uploads\/2016\/11\/NN-002692-1200x772.jpg 1200w, https:\/\/archivopatrimonial.usach.cl\/escenicas\/wp-content\/uploads\/2016\/11\/NN-002692.jpg 2000w\" sizes=\"(max-width: 870px) 100vw, 870px\" \/><\/a><p id=\"caption-attachment-385\" class=\"wp-caption-text\">Ra\u00fal Rivera junto a Mar\u00eda Asunci\u00f3n Requena<\/p><\/div>\n<p>&nbsp;<\/p>\n<p>Naci\u00f3 en 1925 y se form\u00f3 como profesor primario en la Escuela Normal de Chill\u00e1n. En la d\u00e9cada del 50 ingres\u00f3 a las carreras de psicolog\u00eda y pedagog\u00eda en castellano, pero no termin\u00f3 ninguna de las dos para finalmente estudiar Teatro en la Universidad de Chile. En 1962 fue invitado a dirigir el Teatro Teknos, convirti\u00e9ndose en el primer director remunerado de la agrupaci\u00f3n. El primer montaje del que estuvo a cargo fue <em>Los cinco de la Pimiento<\/em>, escrito por Tom\u00e1s Ireland. Una de sus obras m\u00e1s importantes fue <em>Pan Caliente<\/em>, de Mar\u00eda Asunci\u00f3n Requena, su mujer. Con ese montaje Teknos realiz\u00f3 su primera gira internacional en 1967. En 1975 el Vicerrector Ra\u00fal Escobar puso fin al Teknos y con ello a la carrera que en \u00e9l hab\u00eda desarollado Rivera. Aunque nunca se dio un argumento claro para el cierre, el investigador\u00a0 Juan Andr\u00e9s Pi\u00f1a, afirma que \u201ccualquier forma de pensamiento que no perteneciera al nacionalismo m\u00e1s estricto, era sospechoso y conllevaba dentro de s\u00ed un germen de perversi\u00f3n y anarqu\u00eda\u00bb (Rivera, 2016. p. 12). Entre 1974 y 1991 Ra\u00fal Rivera y Mar\u00eda Asunci\u00f3n Requena se exiliaron \u00a0en Francia por temor a la dictadura de Pinochet. En ese pa\u00eds, en marzo del 86, muri\u00f3 Mar\u00eda Asunci\u00f3n, aquejada de Hepatitis B.<\/p>\n<p>Adem\u00e1s de su trayectoria como director, R\u00e1ul Rivera public\u00f3 varios libros de poes\u00eda: <em>Fiestas mortales <\/em>(1957)<em>, Variaciones dom\u00e9sticas <\/em>(1958),<em> Poemas <\/em>(1966) y<em> Remedios Caseros <\/em>(2015). Recientemente, en junio de 2016, lanz\u00f3 su autobiograf\u00eda titulada <em>Memorias de un exilio teatral<\/em>.<\/p>\n<p>&nbsp;<\/p>\n<h2>Tom\u00e1s Ireland<strong><br \/>\n<\/strong><\/h2>\n<p>&nbsp;<\/p>\n<div id=\"attachment_784\" style=\"width: 880px\" class=\"wp-caption aligncenter\"><a href=\"http:\/\/archivopatrimonial.usach.cl\/escenicas\/wp-content\/uploads\/2015\/06\/Secretario-General-de-la-UTE-001-Tomas-Ireland1.jpg\"><img loading=\"lazy\" decoding=\"async\" aria-describedby=\"caption-attachment-784\" class=\"wp-image-784 size-large\" src=\"http:\/\/archivopatrimonial.usach.cl\/escenicas\/wp-content\/uploads\/2015\/06\/Secretario-General-de-la-UTE-001-Tomas-Ireland1-1024x782.jpg\" alt=\"Secretario-General-de-la-UTE-001---Tomas-Ireland\" width=\"870\" height=\"664\" srcset=\"https:\/\/archivopatrimonial.usach.cl\/escenicas\/wp-content\/uploads\/2015\/06\/Secretario-General-de-la-UTE-001-Tomas-Ireland1-1024x782.jpg 1024w, https:\/\/archivopatrimonial.usach.cl\/escenicas\/wp-content\/uploads\/2015\/06\/Secretario-General-de-la-UTE-001-Tomas-Ireland1-300x229.jpg 300w, https:\/\/archivopatrimonial.usach.cl\/escenicas\/wp-content\/uploads\/2015\/06\/Secretario-General-de-la-UTE-001-Tomas-Ireland1-1200x916.jpg 1200w, https:\/\/archivopatrimonial.usach.cl\/escenicas\/wp-content\/uploads\/2015\/06\/Secretario-General-de-la-UTE-001-Tomas-Ireland1.jpg 1500w\" sizes=\"(max-width: 870px) 100vw, 870px\" \/><\/a><p id=\"caption-attachment-784\" class=\"wp-caption-text\">Tom\u00e1s Ireland<\/p><\/div>\n<p>Estudiante de la Escuela de Minas de Copiap\u00f3 y m\u00e1s tarde de la Escuela de Ingenieros de Santiago. Tempranamente mostr\u00f3 inclinaciones hacia el arte y la extensi\u00f3n cultural, por ejemplo, siendo parte del elenco del Circo Minero, en el cual se desempe\u00f1\u00f3 como payaso. Particip\u00f3 del movimiento de Reforma Universitaria en la UTE, periodo en el cual escribi\u00f3 tres obras: <em>Los cinco de la Pimiento<\/em> (1962), <em>Roquer\u00edo<\/em> (1964)\u00a0 y <em>Jaime y Pascual<\/em> (1971). Adem\u00e1s, dirigi\u00f3 y actu\u00f3 en\u00a0 1961 en dos obras: Un d\u00eda en la gloria, de V\u00edctor Ruiz y El cuento de verano, Alejandro Casona.\u00a0\u00a0 Seg\u00fan su libro \u201cTeatro universitario UTE- Teknos su \u201c motivaci\u00f3n principal al escribir estas obras fue traer a la luz gentes que eran entonces invisibles. Que ni siquiera pertenec\u00edan al universo de los marginados que poblaban la dramaturgia de esos a\u00f1os (Ireland, 2013. P. 17).<\/p>\n<p>En 1969 se convirti\u00f3 en Director de la Escuela de Ingenier\u00eda, para un a\u00f1o m\u00e1s tarde, tomar el cargo de Secretario General de la Universidad T\u00e9cnica del Estado. Luego del Golpe Militar, emigr\u00f3 junto a su familia a Canad\u00e1. El a\u00f1o 2004 estren\u00f3 en Toronto su obra <em>A men called Pablo<\/em> y en 2013 public\u00f3 el libro \u201cTeatro universitario UTE Teknos\u201d.<\/p>\n<p>&nbsp;<\/p>\n<h2>\u00d3scar Ripoll:<strong><br \/>\n<\/strong><\/h2>\n<p>&nbsp;<\/p>\n<div id=\"attachment_781\" style=\"width: 660px\" class=\"wp-caption aligncenter\"><a href=\"http:\/\/archivopatrimonial.usach.cl\/escenicas\/wp-content\/uploads\/2015\/06\/TEKNOS-002-Roquerio.-Oscar-Ripoll-y-Norma-Vidal.jpg\"><img loading=\"lazy\" decoding=\"async\" aria-describedby=\"caption-attachment-781\" class=\"wp-image-781 size-large\" src=\"http:\/\/archivopatrimonial.usach.cl\/escenicas\/wp-content\/uploads\/2015\/06\/TEKNOS-002-Roquerio.-Oscar-Ripoll-y-Norma-Vidal-650x1024.jpg\" alt=\"Esta imagen es resguardada por el Archivo de Documentacion Grafica y Audiovisual (DGA) de la Universidad de Santiago de Chile. Cualquier consulta acerca de las condiciones de uso y de propiedad, comunicarse a archivodga@usach.cl\" width=\"650\" height=\"1024\" srcset=\"https:\/\/archivopatrimonial.usach.cl\/escenicas\/wp-content\/uploads\/2015\/06\/TEKNOS-002-Roquerio.-Oscar-Ripoll-y-Norma-Vidal-650x1024.jpg 650w, https:\/\/archivopatrimonial.usach.cl\/escenicas\/wp-content\/uploads\/2015\/06\/TEKNOS-002-Roquerio.-Oscar-Ripoll-y-Norma-Vidal-190x300.jpg 190w, https:\/\/archivopatrimonial.usach.cl\/escenicas\/wp-content\/uploads\/2015\/06\/TEKNOS-002-Roquerio.-Oscar-Ripoll-y-Norma-Vidal-1200x1891.jpg 1200w, https:\/\/archivopatrimonial.usach.cl\/escenicas\/wp-content\/uploads\/2015\/06\/TEKNOS-002-Roquerio.-Oscar-Ripoll-y-Norma-Vidal.jpg 1269w\" sizes=\"(max-width: 650px) 100vw, 650px\" \/><\/a><p id=\"caption-attachment-781\" class=\"wp-caption-text\">Oscar Ripoll y Norma Vidal en \u00abRoquer\u00edo\u00bb.<\/p><\/div>\n<p>Egresado de la EII como \u00a0ingeniero metalurgista, desde que era estudiante comenz\u00f3 a participar en actividades art\u00edsticas de la UTE junto a su amigo Tom\u00e1s Ireland.Debut\u00f3 como actor del Teatro Teknos actuando en la adaptaci\u00f3n del montaje 77 del <em>Decamer\u00f3n <\/em>\u00a0de Bocaccio, titulado <em>Un cuento de verano<\/em> y escrita por Alejandro Casona. Lo hizo junto a sus compa\u00f1eros Juan\u00a0 Gandulfo y Tom\u00e1s Ireland en el marco del IV Festival del Teatro Universitario, en el a\u00f1o 1961. Ireland en <em>Teatro universitario UTE-TEKNOS <\/em>\u00a0recuerda as\u00ed esa primera presentaci\u00f3n: \u201cCon las cortinas cerradas del Teatro de la Escuela de Artes y Oficios (EAO) empezaba la m\u00fasica de \u201cEl invierno\u201d de <em>Las cuatro estaciones<\/em>. Al terminar el Allegro Non Molto, nuestro t\u00e9cnico de iluminaci\u00f3n Juan Mosso, hac\u00eda caer un chorro de luz en el centro de los cortinajes y aparec\u00eda all\u00ed el rostro sonriente de Oscar Ripoll en su papel de pr\u00f3logo. Luego sal\u00eda de los cortinajes y dirig\u00eda su discurso a las nobles gentes de Florencia. Creo que fue entonces que vi nacer en Oscar, la llama del arte dram\u00e1tico\u201d (Ireland, 2013. p. 92).<\/p>\n<p>Posteriormente. \u00a0Ripoll actu\u00f3 en <em>Un d\u00eda en la gloria<\/em>\u00a0 en el escenario del Teatro Municipal, dirigido por Ireland. Al a\u00f1o siguiente form\u00f3 parte del elenco \u00a0en <em>Los cinco de la Pimiento<\/em>, dirigida por Ra\u00fal Rivera. El a\u00f1o 1964 protagoniz\u00f3 <em>Roquer\u00edo,<\/em> tambi\u00e9n escrita por Tom\u00e1s Ireland \u00a0ydirigida por Jaime Silva como director invitado. Fue en ese trabajo en que Ripoll se enamor\u00f3 de Norma Vidal, actriz que interpretaba a Juana y con quien contrajo matrimonio. En 1970, con el triunfo de Salvador Allende, el actor acept\u00f3 un cargo en el Servicio de Cooperaci\u00f3n T\u00e9cnica (SERCOTEC) en la ciudad de Arica.<\/p>\n<p>El 9 de octubre de 1973, a la edad de 38 a\u00f1os, fue tomado prisionero \u00a0junto a Julio Valenzuela,\u00a0 28 a\u00f1os, radio operador del Ferrocarril Arica a La Paz y Manuel Donoso, 26 a\u00f1os, soci\u00f3logo, profesor de la Universidad del Norte. La madrugada del 20 de octubre fueron sacados del Regimiento Rancagua para ser trasladados\u00a0 a Pisagua, sin embargo, en la ma\u00f1ana del d\u00eda siguiente la prensa local difundi\u00f3 la noticia de que el veh\u00edculo en que iban los detenidos \u201c\u2019hab\u00eda sufrido una falla mec\u00e1nica a 40 km al sur de Arica y se hab\u00eda precipitado a un barranco, muriendo todos sus ocupantes\u00b4. Las investigaciones de la Comisi\u00f3n Rettig aclararon que los detenidos mostraban numerosas heridas de balas y que el accidente de tr\u00e1nsito fue simulado por la patrulla militar.<\/p>\n<p>Normal Vidal, esposa de Ripoll, le escribi\u00f3 a su amigo Tom\u00e1s Ireland en una carta: \u201cOscar fue detenido al salir de la oficina poco despu\u00e9s de las 5 de la tarde el d\u00eda lunes 9 de octubre de 1973. Fue torturado salvajemente [\u2026] qued\u00f3 en tan mal estado que estuvo en la enfermer\u00eda del regimiento hasta el 18 de octubre. Oscar no estuvo en el Cuartel de Investigaciones, seguramente lo llevaban en el veh\u00edculo cuando recogieron a Julio Valenzuela y Manuel Donoso para iniciar el viaje preparado para el asesinato. El d\u00eda 20 de octubre, a 40 km de Arica, en la cuesta Chaca, fueron baleados y arrojados hacia la quebrada en el veh\u00edculo. Todos presentaban orificios de bala, adem\u00e1s de las evidencias de la brutal tortura a la que fueron sometidos\u201d. (Ireland, 2013).<\/p>\n<p>Producto de este y otros cr\u00edmenes, todos enmarcados en los casos Caravana de la Muerte, el Coronel en retiro Odlanier Mena, quien estaba cargo del Regimiento Rancagua en la fecha de los asesinatos, fue considerado culpable ante la justicia. Cumpli\u00f3 presidio en el Penal Cordillera. Mena, ante el cierre de dicho penal, y el inminente traslado a otro centro de reclusi\u00f3n para ex militares, se suicid\u00f3 en septiembre de 2013.<\/p>\n<p>&nbsp;<\/p>\n<h2>Miguel Sep\u00falveda:<\/h2>\n<div id=\"attachment_799\" style=\"width: 696px\" class=\"wp-caption aligncenter\"><a href=\"http:\/\/archivopatrimonial.usach.cl\/escenicas\/wp-content\/uploads\/2015\/06\/COM-UTE-NN-004327-168.jpg\"><img loading=\"lazy\" decoding=\"async\" aria-describedby=\"caption-attachment-799\" class=\"wp-image-799 size-large\" src=\"http:\/\/archivopatrimonial.usach.cl\/escenicas\/wp-content\/uploads\/2015\/06\/COM-UTE-NN-004327-168-686x1024.jpg\" alt=\"Esta imagen es resguardada por el Archivo Patrimonial de la Universidad de Santiago de Chile. Cualquier consulta acerca de las condiciones de uso y de propiedad, comunicarse a archivopatrimonial@usach.cl\" width=\"686\" height=\"1024\" srcset=\"https:\/\/archivopatrimonial.usach.cl\/escenicas\/wp-content\/uploads\/2015\/06\/COM-UTE-NN-004327-168-686x1024.jpg 686w, https:\/\/archivopatrimonial.usach.cl\/escenicas\/wp-content\/uploads\/2015\/06\/COM-UTE-NN-004327-168-201x300.jpg 201w, https:\/\/archivopatrimonial.usach.cl\/escenicas\/wp-content\/uploads\/2015\/06\/COM-UTE-NN-004327-168-1200x1791.jpg 1200w, https:\/\/archivopatrimonial.usach.cl\/escenicas\/wp-content\/uploads\/2015\/06\/COM-UTE-NN-004327-168.jpg 1340w\" sizes=\"(max-width: 686px) 100vw, 686px\" \/><\/a><p id=\"caption-attachment-799\" class=\"wp-caption-text\">Miguel Sep\u00falveda.<\/p><\/div>\n<p>Director del BAFUTE a partir de 1973, a\u00f1o en que la agrupaci\u00f3n pasa a ser parte de la Vicerrector\u00eda de Extensi\u00f3n y Comunicaciones. Por su formaci\u00f3n en la danza cl\u00e1sica, imprime un nuevo sello al ballet e incorpora entrenamiento f\u00edsico a los ensayos que elev\u00f3 la calidad del elenco. Durante su periodo (1973-1981) los n\u00fameros que present\u00f3 el BAFUTE mostraron las danzas t\u00edpicas chilenas seg\u00fan zona geogr\u00e1fica. El a\u00f1o 81, por un cambio en la Vicerrector\u00eda, Sep\u00falveda deja la direcci\u00f3n, la cual es asumida por Carlos Reyes.<\/p>\n<p>&nbsp;<\/p>\n<h2>Elenco del Teatro Teknos:<\/h2>\n<div id=\"attachment_395\" style=\"width: 880px\" class=\"wp-caption aligncenter\"><a href=\"http:\/\/archivopatrimonial.usach.cl\/escenicas\/wp-content\/uploads\/2016\/11\/NN-003749.jpg\"><img loading=\"lazy\" decoding=\"async\" aria-describedby=\"caption-attachment-395\" class=\"wp-image-395 size-large\" src=\"http:\/\/archivopatrimonial.usach.cl\/escenicas\/wp-content\/uploads\/2016\/11\/NN-003749-1024x675.jpg\" alt=\"Esta imagen es resguardada por el Archivo de Documentacion Grafica y Audiovisual (DGA) de la Universidad de Santiago de Chile. Cualquier consulta acerca de las condiciones de uso y de propiedad, comunicarse a archivodga@usach.cl\" width=\"870\" height=\"573\" srcset=\"https:\/\/archivopatrimonial.usach.cl\/escenicas\/wp-content\/uploads\/2016\/11\/NN-003749-1024x675.jpg 1024w, https:\/\/archivopatrimonial.usach.cl\/escenicas\/wp-content\/uploads\/2016\/11\/NN-003749-300x198.jpg 300w, https:\/\/archivopatrimonial.usach.cl\/escenicas\/wp-content\/uploads\/2016\/11\/NN-003749-1200x791.jpg 1200w, https:\/\/archivopatrimonial.usach.cl\/escenicas\/wp-content\/uploads\/2016\/11\/NN-003749.jpg 1937w\" sizes=\"(max-width: 870px) 100vw, 870px\" \/><\/a><p id=\"caption-attachment-395\" class=\"wp-caption-text\">Parte del elenco del Teatro Teknos frente a la Casa Central de la UTE.<\/p><\/div>\n<p>En los 17 a\u00f1os de trabajo del Teatro Teknos, pasaron por su equipo m\u00faltiples artistas, entre los cuales hemos podido recopilar los siguientes nombres: Juan Quezada, Oscar Ripoll, Juan Gandulfo, Norma Vidal, Rolando Morales, Fernando Fern\u00e1ndez, Adriel Seguel, Humberto Moya, Gast\u00f3n Cuadra, Alejandro Cohen, Gladys del R\u00edo, Felipe Avellaira, El\u00edas Salah, Rodolfo Zbinden, V\u00edctor Otero, Walter Meichsner, Daslav Ursic, Sergio Orrego, Alberto Sanguinetti, Luis Mazzarini, B\u00e9lgica Watts, Ang\u00e9lica Letelier, Magdalena Herrera, Guillermo Deichsler, Nella Marchetti, Juan Vivanco, Pedro Moreira, Lucila Gamboa, Gladys Uribe, Nancy Cofr\u00e9, David Carrasco, Felipe Aibar, Edith Villagr\u00e1n, Hugo Toledo, Isabel Rodr\u00edguez, Guillermo Lovero, Julia Romero, Fernando Aliaga, Rolando Beltr\u00e1n, Clive Brickman, Mar\u00eda Isabel Merino, Ver\u00f3nica Hern\u00e1ndez,\u00a0 \u00d3scar Salas, Liberatina Molino, Gloria Coloma, Luis Paredes, H\u00e9ctor Ortiz, Anita Castro, C\u00e9sar Bustos, Eduardo Contreras, Nicol\u00e1s Mandiola, Miguel C. Santiago, Israel Tapia, C\u00e9sar Arredondo, Flor Velasco, Mait\u00e9 Fern\u00e1ndez, Adolfo Assor, Jorge Gonz\u00e1lez, Osvaldo Lagos, Adriano Castillo, Patricio Villanueva, Gabriela Medina, Sonia Viveros, Mar\u00eda Elena Duvauchelle, Luis Alarc\u00f3n, Patricia Or\u00f3stegui, Mar\u00eda Teresa Herrera, Elena Moreno, Mario Montilles, Jorge Boudon y Carolina Carrasco.<\/p>\n<p>&nbsp;<\/p>\n<h2>Directores del Teatro Teknos:<strong><br \/>\n<\/strong><\/h2>\n<p>(Extra\u00eddo del libro de Tom\u00e1s Ireland Teatro Universitario UTE-Teknos. A\u00f1o 2013)<\/p>\n<p>1958 Alfredo Mari\u00f1o<\/p>\n<p>1960 Eduardo Rodriguez<\/p>\n<p>1961 Tom\u00e1s Ireland<\/p>\n<p>1962 R\u00e1ul Rivera<\/p>\n<p>1963 Jaime Silva (director invitado en <em>Roquer\u00edo<\/em>)<\/p>\n<p>1964 Roberto Espina (director invitado en <em>El herrero y el diablo<\/em>)<\/p>\n<p>1965 Domingo Tessier (director invitado en <em>Los fugitivos<\/em>)<\/p>\n<p>1968 Alejandro Cohen (directo invitado en <em>La transformaci\u00f3n<\/em>)<\/p>\n<p>1969 Luis Rodriguez (director invitado en <em>Mariana Pineda<\/em>)<\/p>\n<p>1971 Eugenio Guzm\u00e1n (director invitado en <em>La escuela de las mujeres<\/em>)<\/p>\n<p>1974 Domingo Tessier(director invitado en <em>Las bodas de F\u00edgaro<\/em>)<\/p>\n<p>&nbsp;<\/p>\n<p>&nbsp;<\/p>\n","protected":false},"excerpt":{"rendered":"<p>Ra\u00fal Rivera &nbsp; &nbsp; Naci\u00f3 en 1925 y se form\u00f3 como profesor primario en la Escuela Normal de Chill\u00e1n. En la d\u00e9cada del 50 ingres\u00f3 a las carreras de psicolog\u00eda y pedagog\u00eda en castellano, pero no termin\u00f3 ninguna de las dos para finalmente estudiar Teatro en la Universidad de Chile. En 1962 fue invitado a [&hellip;]<\/p>\n","protected":false},"author":1,"featured_media":0,"parent":0,"menu_order":0,"comment_status":"closed","ping_status":"closed","template":"","meta":{"_exactmetrics_skip_tracking":false,"_exactmetrics_sitenote_active":false,"_exactmetrics_sitenote_note":"","_exactmetrics_sitenote_category":0,"footnotes":""},"class_list":["post-6","page","type-page","status-publish","hentry"],"_links":{"self":[{"href":"https:\/\/archivopatrimonial.usach.cl\/escenicas\/index.php?rest_route=\/wp\/v2\/pages\/6"}],"collection":[{"href":"https:\/\/archivopatrimonial.usach.cl\/escenicas\/index.php?rest_route=\/wp\/v2\/pages"}],"about":[{"href":"https:\/\/archivopatrimonial.usach.cl\/escenicas\/index.php?rest_route=\/wp\/v2\/types\/page"}],"author":[{"embeddable":true,"href":"https:\/\/archivopatrimonial.usach.cl\/escenicas\/index.php?rest_route=\/wp\/v2\/users\/1"}],"replies":[{"embeddable":true,"href":"https:\/\/archivopatrimonial.usach.cl\/escenicas\/index.php?rest_route=%2Fwp%2Fv2%2Fcomments&post=6"}],"version-history":[{"count":20,"href":"https:\/\/archivopatrimonial.usach.cl\/escenicas\/index.php?rest_route=\/wp\/v2\/pages\/6\/revisions"}],"predecessor-version":[{"id":801,"href":"https:\/\/archivopatrimonial.usach.cl\/escenicas\/index.php?rest_route=\/wp\/v2\/pages\/6\/revisions\/801"}],"wp:attachment":[{"href":"https:\/\/archivopatrimonial.usach.cl\/escenicas\/index.php?rest_route=%2Fwp%2Fv2%2Fmedia&parent=6"}],"curies":[{"name":"wp","href":"https:\/\/api.w.org\/{rel}","templated":true}]}}