{"id":9,"date":"2015-06-21T16:54:54","date_gmt":"2015-06-21T16:54:54","guid":{"rendered":"http:\/\/archivopatrimonial.usach.cl\/grafica\/?page_id=9"},"modified":"2018-06-28T15:37:45","modified_gmt":"2018-06-28T19:37:45","slug":"bibliografia","status":"publish","type":"page","link":"https:\/\/archivopatrimonial.usach.cl\/grafica\/?page_id=9","title":{"rendered":"Bibliograf\u00eda"},"content":{"rendered":"<ol>\n<li>Kirberg, E. (1981). <em>Los nuevos profesionales. Educaci\u00f3n Universitaria de Trabajadores.\u00a0 Chile: UTE, 1968-1973<\/em>. M\u00e9xico: Instituto de Ciencias Sociales, Universidad de Guadalajara.<\/li>\n<li>Mu\u00f1oz, J., Norambuena, C., Ortega, L. y P\u00e9rez, R. (1987). <em>La Universidad de Santiago de Chile: sobre sus or\u00edgenes y su desarrollo hist\u00f3rico<\/em>. Santiago: Universidad de Santiago de Chile.<\/li>\n<li>Navarro, M. \u201cM\u00e1s all\u00e1 de los muros universitarios: Extensi\u00f3n y Comunicaciones UTE\u201d. En: Ireland, T. y Rivera, F. (Editores) (2016) <em>La UTE vive. Memorias y testimonios de la reforma universitaria en la Universidad T\u00e9cnica del Estado. Chile, 1961-1973.<\/em> Santiago: Universidad de Santiago de Chile.<\/li>\n<li>Torres, R. <em>Revoluci\u00f3n de los papeles. Una mirada desde la Revista de la Universidad T\u00e9cnica del Estado (1969-1973) para la construcci\u00f3n de memoria del Taller Gr\u00e1fico UTE.<\/em> Tesis para optar al T\u00edtulo de Dise\u00f1adora Gr\u00e1fica, Facultad de Arquitectura y Urbanismo, Universidad de Chile, Santiago, 2017.<\/li>\n<\/ol>\n","protected":false},"excerpt":{"rendered":"<p>Kirberg, E. (1981). Los nuevos profesionales. Educaci\u00f3n Universitaria de Trabajadores.\u00a0 Chile: UTE, 1968-1973. M\u00e9xico: Instituto de Ciencias Sociales, Universidad de Guadalajara. Mu\u00f1oz, J., Norambuena, C., Ortega, L. y P\u00e9rez, R. (1987). La Universidad de Santiago de Chile: sobre sus or\u00edgenes y su desarrollo hist\u00f3rico. Santiago: Universidad de Santiago de Chile. Navarro, M. \u201cM\u00e1s all\u00e1 de [&hellip;]<\/p>\n","protected":false},"author":1,"featured_media":0,"parent":0,"menu_order":0,"comment_status":"closed","ping_status":"closed","template":"","meta":{"_exactmetrics_skip_tracking":false,"_exactmetrics_sitenote_active":false,"_exactmetrics_sitenote_note":"","_exactmetrics_sitenote_category":0,"footnotes":""},"class_list":["post-9","page","type-page","status-publish","hentry"],"_links":{"self":[{"href":"https:\/\/archivopatrimonial.usach.cl\/grafica\/index.php?rest_route=\/wp\/v2\/pages\/9"}],"collection":[{"href":"https:\/\/archivopatrimonial.usach.cl\/grafica\/index.php?rest_route=\/wp\/v2\/pages"}],"about":[{"href":"https:\/\/archivopatrimonial.usach.cl\/grafica\/index.php?rest_route=\/wp\/v2\/types\/page"}],"author":[{"embeddable":true,"href":"https:\/\/archivopatrimonial.usach.cl\/grafica\/index.php?rest_route=\/wp\/v2\/users\/1"}],"replies":[{"embeddable":true,"href":"https:\/\/archivopatrimonial.usach.cl\/grafica\/index.php?rest_route=%2Fwp%2Fv2%2Fcomments&post=9"}],"version-history":[{"count":5,"href":"https:\/\/archivopatrimonial.usach.cl\/grafica\/index.php?rest_route=\/wp\/v2\/pages\/9\/revisions"}],"predecessor-version":[{"id":144,"href":"https:\/\/archivopatrimonial.usach.cl\/grafica\/index.php?rest_route=\/wp\/v2\/pages\/9\/revisions\/144"}],"wp:attachment":[{"href":"https:\/\/archivopatrimonial.usach.cl\/grafica\/index.php?rest_route=%2Fwp%2Fv2%2Fmedia&parent=9"}],"curies":[{"name":"wp","href":"https:\/\/api.w.org\/{rel}","templated":true}]}}