{"id":152,"date":"2021-12-20T15:32:14","date_gmt":"2021-12-20T15:32:14","guid":{"rendered":"https:\/\/archivopatrimonial.usach.cl\/proyectofiligranas\/?page_id=152"},"modified":"2022-08-18T15:22:31","modified_gmt":"2022-08-18T15:22:31","slug":"links","status":"publish","type":"page","link":"https:\/\/archivopatrimonial.usach.cl\/huellasenelpapel\/index.php\/links\/","title":{"rendered":"Links"},"content":{"rendered":"\n<h5 class=\"has-text-align-center wp-block-heading\">Otros repositorios de filigranas en l\u00ednea<\/h5>\n\n\n\n<p><\/p>\n\n\n\n<p class=\"has-text-align-center\"><a rel=\"noreferrer noopener\" href=\"https:\/\/www.academiacolecciones.com\/dibujos\/catalogo-filigranas.php\" data-type=\"URL\" target=\"_blank\">Academia colecciones &#8211; Cat\u00e1logo de filigranas<\/a><a rel=\"noreferrer noopener\" href=\"https:\/\/www.memoryofpaper.eu\/BernsteinPortal\/appl_start.disp\" target=\"_blank\"><br><meta charset=\"utf-8\">Bernstein, the memory of paper project<\/a><a rel=\"noreferrer noopener\" href=\"http:\/\/www.piccard-online.de\" target=\"_blank\"><br><meta charset=\"utf-8\">Piccard-Online<\/a><a rel=\"noreferrer noopener\" href=\"https:\/\/filigranasymarcasdeagua.wordpress.com\/2014\/07\/07\/155\/\" target=\"_blank\"><br><meta charset=\"utf-8\">Filigranas en la provincia de Zaragoza<\/a><br><meta charset=\"utf-8\"><a rel=\"noreferrer noopener\" href=\"http:\/\/www.cahip.org\/\" target=\"_blank\">CAHIP Conservaci\u00f3n y An\u00e1lisis de la Historia del Papel<\/a><br><meta charset=\"utf-8\"><a href=\"https:\/\/www.cultura.gob.es\/filigranas\/buscador_init\" target=\"_blank\" rel=\"noreferrer noopener\">IPCE Instituto del Patrimonio Cultural de Espa\u00f1a<\/a><br><meta charset=\"utf-8\"><a rel=\"noreferrer noopener\" href=\"http:\/\/www.wm-portal.net\/niki\/index.php\" target=\"_blank\">NIKKI Dutch University Institute for Art History Florence<\/a><br><meta charset=\"utf-8\"><a rel=\"noreferrer noopener\" href=\"https:\/\/memoryofpaper.eu\/gravell\/\" target=\"_blank\">The Thomas L. Gravell Watermark Archive<\/a><\/p>\n\n\n\n<div style=\"height:20px\" aria-hidden=\"true\" class=\"wp-block-spacer\"><\/div>\n\n\n\n<h5 class=\"has-text-align-center wp-block-heading\">Otros sitios web del Archivo Patrimonial USACH<\/h5>\n\n\n\n<p class=\"has-text-align-center\"><a rel=\"noreferrer noopener\" href=\"https:\/\/archivopatrimonial.usach.cl\/\" target=\"_blank\">Archivo Patrimonial USACH<\/a><br><a href=\"https:\/\/isidoraaguirre.usach.cl\/\" data-type=\"URL\" data-id=\"https:\/\/isidoraaguirre.usach.cl\/\">Archivo Isidora Aguirre<\/a><br><a rel=\"noreferrer noopener\" href=\"https:\/\/reformaute.usach.cl\/\" data-type=\"URL\" data-id=\"https:\/\/reformaute.usach.cl\/\" target=\"_blank\">Reforma UTE<\/a><br><a href=\"https:\/\/teknos.usach.cl\/\" data-type=\"URL\" data-id=\"https:\/\/teknos.usach.cl\/\">Teatro Te<\/a><a rel=\"noreferrer noopener\" href=\"https:\/\/teknos.usach.cl\/\" data-type=\"URL\" data-id=\"https:\/\/teknos.usach.cl\/\" target=\"_blank\">k<\/a><a href=\"https:\/\/teknos.usach.cl\/\" data-type=\"URL\" data-id=\"https:\/\/teknos.usach.cl\/\">nos<\/a><\/p>\n","protected":false},"excerpt":{"rendered":"<p>Otros repositorios de filigranas en l\u00ednea Academia colecciones &#8211; Cat\u00e1logo de filigranasBernstein, the memory of paper projectPiccard-OnlineFiligranas en la provincia de ZaragozaCAHIP Conservaci\u00f3n y An\u00e1lisis de la Historia del PapelIPCE Instituto del Patrimonio Cultural de Espa\u00f1aNIKKI Dutch University Institute for Art History FlorenceThe Thomas L. Gravell Watermark Archive Otros sitios web del Archivo Patrimonial USACH Archivo Patrimonial USACHArchivo Isidora AguirreReforma UTETeatro Teknos<\/p>\n","protected":false},"author":1,"featured_media":0,"parent":0,"menu_order":0,"comment_status":"closed","ping_status":"closed","template":"","meta":{"footnotes":""},"class_list":["post-152","page","type-page","status-publish","hentry"],"_links":{"self":[{"href":"https:\/\/archivopatrimonial.usach.cl\/huellasenelpapel\/index.php\/wp-json\/wp\/v2\/pages\/152","targetHints":{"allow":["GET"]}}],"collection":[{"href":"https:\/\/archivopatrimonial.usach.cl\/huellasenelpapel\/index.php\/wp-json\/wp\/v2\/pages"}],"about":[{"href":"https:\/\/archivopatrimonial.usach.cl\/huellasenelpapel\/index.php\/wp-json\/wp\/v2\/types\/page"}],"author":[{"embeddable":true,"href":"https:\/\/archivopatrimonial.usach.cl\/huellasenelpapel\/index.php\/wp-json\/wp\/v2\/users\/1"}],"replies":[{"embeddable":true,"href":"https:\/\/archivopatrimonial.usach.cl\/huellasenelpapel\/index.php\/wp-json\/wp\/v2\/comments?post=152"}],"version-history":[{"count":7,"href":"https:\/\/archivopatrimonial.usach.cl\/huellasenelpapel\/index.php\/wp-json\/wp\/v2\/pages\/152\/revisions"}],"predecessor-version":[{"id":875,"href":"https:\/\/archivopatrimonial.usach.cl\/huellasenelpapel\/index.php\/wp-json\/wp\/v2\/pages\/152\/revisions\/875"}],"wp:attachment":[{"href":"https:\/\/archivopatrimonial.usach.cl\/huellasenelpapel\/index.php\/wp-json\/wp\/v2\/media?parent=152"}],"curies":[{"name":"wp","href":"https:\/\/api.w.org\/{rel}","templated":true}]}}